{"id":3206,"date":"2020-08-04T10:41:17","date_gmt":"2020-08-04T08:41:17","guid":{"rendered":"https:\/\/vedafrance.com\/joints-de-dilatation\/joints-verticaux\/"},"modified":"2024-09-13T11:26:00","modified_gmt":"2024-09-13T09:26:00","slug":"juntas-de-dilatacion-paredes-fachadas-techos","status":"publish","type":"page","link":"https:\/\/vedafrance.com\/es\/juntas-de-dilatacion\/juntas-de-dilatacion-paredes-fachadas-techos\/","title":{"rendered":"Juntas de dilataci\u00f3n para paredes, fachadas y techos"},"content":{"rendered":"","protected":false},"excerpt":{"rendered":"<p>Las juntas de dilatacion de paredes y fachadas estan concebidas con el objetivo de asegurar el acabado y la estanqueidad de las paredes exteriores. Ofrecemos una amplia gama de juntas de dilatacion de paredes y fachadas que se fijan bienmecanicamente o bien, en algunos casos directamente delante del enlucido de las obras de construccion o de renovacion de edificios. Las juntas de dilatacion disponibles en esta categoria son completarias con nuestras juntas cortafuegos o nuestros productos complementarios de estanqueidad (mastic Vedaflexsil, membrana EPDM).<br \/>\nLas juntas de dilataci\u00f3n de techo se adaptan tanto a techos est\u00e1ndares como a techos suspendidos. Estas juntas de dilataci\u00f3n para techos son todos paras\u00edsmicas. Los juntas de dilataci\u00f3n ofrecidas en esta categor\u00eda son aptos con nuestros juntas cortafuegos.<\/p>\n","protected":false},"author":1,"featured_media":0,"parent":1138,"menu_order":0,"comment_status":"closed","ping_status":"closed","template":"template-category-produit-level-2.php","meta":{"_acf_changed":false,"_et_pb_use_builder":"off","_et_pb_old_content":"","_et_gb_content_width":"","footnotes":""},"class_list":["post-3206","page","type-page","status-publish","hentry"],"acf":[],"yoast_head":"<!-- This site is optimized with the Yoast SEO plugin v26.5 - https:\/\/yoast.com\/wordpress\/plugins\/seo\/ -->\n<title>Juntas verticales de paredes, fachadas y techos<\/title>\n<meta name=\"description\" content=\"Juntas verticales de paredes, fachadas y techos. Junta de expansi\u00f3n s\u00edsmica o no de aluminio y\/o inserto. Para todo tipo de edificios.\" \/>\n<meta name=\"robots\" content=\"index, follow, max-snippet:-1, max-image-preview:large, max-video-preview:-1\" \/>\n<link rel=\"canonical\" href=\"https:\/\/vedafrance.com\/es\/juntas-de-dilatacion\/juntas-de-dilatacion-paredes-fachadas-techos\/\" \/>\n<meta property=\"og:locale\" content=\"es_ES\" \/>\n<meta property=\"og:type\" content=\"article\" \/>\n<meta property=\"og:title\" content=\"Juntas verticales de paredes, fachadas y techos\" \/>\n<meta property=\"og:description\" content=\"Juntas verticales de paredes, fachadas y techos. Junta de expansi\u00f3n s\u00edsmica o no de aluminio y\/o inserto. Para todo tipo de edificios.\" \/>\n<meta property=\"og:url\" content=\"https:\/\/vedafrance.com\/es\/juntas-de-dilatacion\/juntas-de-dilatacion-paredes-fachadas-techos\/\" \/>\n<meta property=\"og:site_name\" content=\"Veda France\" \/>\n<meta property=\"article:publisher\" content=\"https:\/\/www.facebook.com\/pages\/category\/Industrial-Company\/GV2-VEDA-France-1401384223425452\/\" \/>\n<meta property=\"article:modified_time\" content=\"2024-09-13T09:26:00+00:00\" \/>\n<meta name=\"twitter:card\" content=\"summary_large_image\" \/>\n<meta name=\"twitter:site\" content=\"@gv2veda\" \/>\n<script type=\"application\/ld+json\" class=\"yoast-schema-graph\">{\"@context\":\"https:\/\/schema.org\",\"@graph\":[{\"@type\":\"WebPage\",\"@id\":\"https:\/\/vedafrance.com\/es\/juntas-de-dilatacion\/juntas-de-dilatacion-paredes-fachadas-techos\/\",\"url\":\"https:\/\/vedafrance.com\/es\/juntas-de-dilatacion\/juntas-de-dilatacion-paredes-fachadas-techos\/\",\"name\":\"Juntas verticales de paredes, fachadas y techos\",\"isPartOf\":{\"@id\":\"https:\/\/vedafrance.com\/es\/#website\"},\"datePublished\":\"2020-08-04T08:41:17+00:00\",\"dateModified\":\"2024-09-13T09:26:00+00:00\",\"description\":\"Juntas verticales de paredes, fachadas y techos. Junta de expansi\u00f3n s\u00edsmica o no de aluminio y\/o inserto. Para todo tipo de edificios.\",\"breadcrumb\":{\"@id\":\"https:\/\/vedafrance.com\/es\/juntas-de-dilatacion\/juntas-de-dilatacion-paredes-fachadas-techos\/#breadcrumb\"},\"inLanguage\":\"es\",\"potentialAction\":[{\"@type\":\"ReadAction\",\"target\":[\"https:\/\/vedafrance.com\/es\/juntas-de-dilatacion\/juntas-de-dilatacion-paredes-fachadas-techos\/\"]}]},{\"@type\":\"BreadcrumbList\",\"@id\":\"https:\/\/vedafrance.com\/es\/juntas-de-dilatacion\/juntas-de-dilatacion-paredes-fachadas-techos\/#breadcrumb\",\"itemListElement\":[{\"@type\":\"ListItem\",\"position\":1,\"name\":\"Accueil\",\"item\":\"https:\/\/vedafrance.com\/es\/\"},{\"@type\":\"ListItem\",\"position\":2,\"name\":\"Juntas de dilataci\u00f3n\",\"item\":\"https:\/\/vedafrance.com\/es\/juntas-de-dilatacion\/\"},{\"@type\":\"ListItem\",\"position\":3,\"name\":\"Juntas de dilataci\u00f3n para paredes, fachadas y techos\"}]},{\"@type\":\"WebSite\",\"@id\":\"https:\/\/vedafrance.com\/es\/#website\",\"url\":\"https:\/\/vedafrance.com\/es\/\",\"name\":\"Veda France\",\"description\":\"\",\"publisher\":{\"@id\":\"https:\/\/vedafrance.com\/es\/#organization\"},\"potentialAction\":[{\"@type\":\"SearchAction\",\"target\":{\"@type\":\"EntryPoint\",\"urlTemplate\":\"https:\/\/vedafrance.com\/es\/?s={search_term_string}\"},\"query-input\":{\"@type\":\"PropertyValueSpecification\",\"valueRequired\":true,\"valueName\":\"search_term_string\"}}],\"inLanguage\":\"es\"},{\"@type\":\"Organization\",\"@id\":\"https:\/\/vedafrance.com\/es\/#organization\",\"name\":\"Veda France\",\"url\":\"https:\/\/vedafrance.com\/es\/\",\"logo\":{\"@type\":\"ImageObject\",\"inLanguage\":\"es\",\"@id\":\"https:\/\/vedafrance.com\/es\/#\/schema\/logo\/image\/\",\"url\":\"https:\/\/vedafrance.com\/wp-content\/uploads\/2020\/10\/Veda-logo-280x88-1.png\",\"contentUrl\":\"https:\/\/vedafrance.com\/wp-content\/uploads\/2020\/10\/Veda-logo-280x88-1.png\",\"width\":200,\"height\":120,\"caption\":\"Veda France\"},\"image\":{\"@id\":\"https:\/\/vedafrance.com\/es\/#\/schema\/logo\/image\/\"},\"sameAs\":[\"https:\/\/www.facebook.com\/pages\/category\/Industrial-Company\/GV2-VEDA-France-1401384223425452\/\",\"https:\/\/x.com\/gv2veda\",\"https:\/\/www.instagram.com\/veda_france\/\",\"https:\/\/fr.linkedin.com\/company\/gv2-veda-france\"]}]}<\/script>\n<!-- \/ Yoast SEO plugin. -->","yoast_head_json":{"title":"Juntas verticales de paredes, fachadas y techos","description":"Juntas verticales de paredes, fachadas y techos. Junta de expansi\u00f3n s\u00edsmica o no de aluminio y\/o inserto. Para todo tipo de edificios.","robots":{"index":"index","follow":"follow","max-snippet":"max-snippet:-1","max-image-preview":"max-image-preview:large","max-video-preview":"max-video-preview:-1"},"canonical":"https:\/\/vedafrance.com\/es\/juntas-de-dilatacion\/juntas-de-dilatacion-paredes-fachadas-techos\/","og_locale":"es_ES","og_type":"article","og_title":"Juntas verticales de paredes, fachadas y techos","og_description":"Juntas verticales de paredes, fachadas y techos. Junta de expansi\u00f3n s\u00edsmica o no de aluminio y\/o inserto. Para todo tipo de edificios.","og_url":"https:\/\/vedafrance.com\/es\/juntas-de-dilatacion\/juntas-de-dilatacion-paredes-fachadas-techos\/","og_site_name":"Veda France","article_publisher":"https:\/\/www.facebook.com\/pages\/category\/Industrial-Company\/GV2-VEDA-France-1401384223425452\/","article_modified_time":"2024-09-13T09:26:00+00:00","twitter_card":"summary_large_image","twitter_site":"@gv2veda","schema":{"@context":"https:\/\/schema.org","@graph":[{"@type":"WebPage","@id":"https:\/\/vedafrance.com\/es\/juntas-de-dilatacion\/juntas-de-dilatacion-paredes-fachadas-techos\/","url":"https:\/\/vedafrance.com\/es\/juntas-de-dilatacion\/juntas-de-dilatacion-paredes-fachadas-techos\/","name":"Juntas verticales de paredes, fachadas y techos","isPartOf":{"@id":"https:\/\/vedafrance.com\/es\/#website"},"datePublished":"2020-08-04T08:41:17+00:00","dateModified":"2024-09-13T09:26:00+00:00","description":"Juntas verticales de paredes, fachadas y techos. Junta de expansi\u00f3n s\u00edsmica o no de aluminio y\/o inserto. Para todo tipo de edificios.","breadcrumb":{"@id":"https:\/\/vedafrance.com\/es\/juntas-de-dilatacion\/juntas-de-dilatacion-paredes-fachadas-techos\/#breadcrumb"},"inLanguage":"es","potentialAction":[{"@type":"ReadAction","target":["https:\/\/vedafrance.com\/es\/juntas-de-dilatacion\/juntas-de-dilatacion-paredes-fachadas-techos\/"]}]},{"@type":"BreadcrumbList","@id":"https:\/\/vedafrance.com\/es\/juntas-de-dilatacion\/juntas-de-dilatacion-paredes-fachadas-techos\/#breadcrumb","itemListElement":[{"@type":"ListItem","position":1,"name":"Accueil","item":"https:\/\/vedafrance.com\/es\/"},{"@type":"ListItem","position":2,"name":"Juntas de dilataci\u00f3n","item":"https:\/\/vedafrance.com\/es\/juntas-de-dilatacion\/"},{"@type":"ListItem","position":3,"name":"Juntas de dilataci\u00f3n para paredes, fachadas y techos"}]},{"@type":"WebSite","@id":"https:\/\/vedafrance.com\/es\/#website","url":"https:\/\/vedafrance.com\/es\/","name":"Veda France","description":"","publisher":{"@id":"https:\/\/vedafrance.com\/es\/#organization"},"potentialAction":[{"@type":"SearchAction","target":{"@type":"EntryPoint","urlTemplate":"https:\/\/vedafrance.com\/es\/?s={search_term_string}"},"query-input":{"@type":"PropertyValueSpecification","valueRequired":true,"valueName":"search_term_string"}}],"inLanguage":"es"},{"@type":"Organization","@id":"https:\/\/vedafrance.com\/es\/#organization","name":"Veda France","url":"https:\/\/vedafrance.com\/es\/","logo":{"@type":"ImageObject","inLanguage":"es","@id":"https:\/\/vedafrance.com\/es\/#\/schema\/logo\/image\/","url":"https:\/\/vedafrance.com\/wp-content\/uploads\/2020\/10\/Veda-logo-280x88-1.png","contentUrl":"https:\/\/vedafrance.com\/wp-content\/uploads\/2020\/10\/Veda-logo-280x88-1.png","width":200,"height":120,"caption":"Veda France"},"image":{"@id":"https:\/\/vedafrance.com\/es\/#\/schema\/logo\/image\/"},"sameAs":["https:\/\/www.facebook.com\/pages\/category\/Industrial-Company\/GV2-VEDA-France-1401384223425452\/","https:\/\/x.com\/gv2veda","https:\/\/www.instagram.com\/veda_france\/","https:\/\/fr.linkedin.com\/company\/gv2-veda-france"]}]}},"_links":{"self":[{"href":"https:\/\/vedafrance.com\/es\/wp-json\/wp\/v2\/pages\/3206","targetHints":{"allow":["GET"]}}],"collection":[{"href":"https:\/\/vedafrance.com\/es\/wp-json\/wp\/v2\/pages"}],"about":[{"href":"https:\/\/vedafrance.com\/es\/wp-json\/wp\/v2\/types\/page"}],"author":[{"embeddable":true,"href":"https:\/\/vedafrance.com\/es\/wp-json\/wp\/v2\/users\/1"}],"replies":[{"embeddable":true,"href":"https:\/\/vedafrance.com\/es\/wp-json\/wp\/v2\/comments?post=3206"}],"version-history":[{"count":6,"href":"https:\/\/vedafrance.com\/es\/wp-json\/wp\/v2\/pages\/3206\/revisions"}],"predecessor-version":[{"id":11482,"href":"https:\/\/vedafrance.com\/es\/wp-json\/wp\/v2\/pages\/3206\/revisions\/11482"}],"up":[{"embeddable":true,"href":"https:\/\/vedafrance.com\/es\/wp-json\/wp\/v2\/pages\/1138"}],"wp:attachment":[{"href":"https:\/\/vedafrance.com\/es\/wp-json\/wp\/v2\/media?parent=3206"}],"curies":[{"name":"wp","href":"https:\/\/api.w.org\/{rel}","templated":true}]}}

Juntas de dilatación para paredes, fachadas y techos

<p>Las juntas de dilatacion de paredes y fachadas estan concebidas con el objetivo de asegurar el acabado y la estanqueidad de las paredes exteriores. Ofrecemos una amplia gama de juntas de dilatacion de paredes y fachadas que se fijan bienmecanicamente o bien, en algunos casos directamente delante del enlucido de las obras de construccion o de renovacion de edificios. Las juntas de dilatacion disponibles en esta categoria son completarias con nuestras juntas cortafuegos o nuestros productos complementarios de estanqueidad (mastic Vedaflexsil, membrana EPDM).<br />
Las juntas de dilatación de techo se adaptan tanto a techos estándares como a techos suspendidos. Estas juntas de dilatación para techos son todos parasísmicas. Los juntas de dilatación ofrecidas en esta categoría son aptos con nuestros juntas cortafuegos.</p>

<!-- This site is optimized with the Yoast SEO plugin v26.5 - https://yoast.com/wordpress/plugins/seo/ -->
<title>Juntas verticales de paredes, fachadas y techos</title>
<meta name="description" content="Juntas verticales de paredes, fachadas y techos. Junta de expansión sísmica o no de aluminio y/o inserto. Para todo tipo de edificios." />
<meta name="robots" content="index, follow, max-snippet:-1, max-image-preview:large, max-video-preview:-1" />
<link rel="canonical" href="https://vedafrance.com/es/juntas-de-dilatacion/juntas-de-dilatacion-paredes-fachadas-techos/" />
<meta property="og:locale" content="es_ES" />
<meta property="og:type" content="article" />
<meta property="og:title" content="Juntas verticales de paredes, fachadas y techos" />
<meta property="og:description" content="Juntas verticales de paredes, fachadas y techos. Junta de expansión sísmica o no de aluminio y/o inserto. Para todo tipo de edificios." />
<meta property="og:url" content="https://vedafrance.com/es/juntas-de-dilatacion/juntas-de-dilatacion-paredes-fachadas-techos/" />
<meta property="og:site_name" content="Veda France" />
<meta property="article:publisher" content="https://www.facebook.com/pages/category/Industrial-Company/GV2-VEDA-France-1401384223425452/" />
<meta property="article:modified_time" content="2024-09-13T09:26:00+00:00" />
<meta name="twitter:card" content="summary_large_image" />
<meta name="twitter:site" content="@gv2veda" />
<script type="application/ld+json" class="yoast-schema-graph">{"@context":"https://schema.org","@graph":[{"@type":"WebPage","@id":"https://vedafrance.com/es/juntas-de-dilatacion/juntas-de-dilatacion-paredes-fachadas-techos/","url":"https://vedafrance.com/es/juntas-de-dilatacion/juntas-de-dilatacion-paredes-fachadas-techos/","name":"Juntas verticales de paredes, fachadas y techos","isPartOf":{"@id":"https://vedafrance.com/es/#website"},"datePublished":"2020-08-04T08:41:17+00:00","dateModified":"2024-09-13T09:26:00+00:00","description":"Juntas verticales de paredes, fachadas y techos. Junta de expansión sísmica o no de aluminio y/o inserto. Para todo tipo de edificios.","breadcrumb":{"@id":"https://vedafrance.com/es/juntas-de-dilatacion/juntas-de-dilatacion-paredes-fachadas-techos/#breadcrumb"},"inLanguage":"es","potentialAction":[{"@type":"ReadAction","target":["https://vedafrance.com/es/juntas-de-dilatacion/juntas-de-dilatacion-paredes-fachadas-techos/"]}]},{"@type":"BreadcrumbList","@id":"https://vedafrance.com/es/juntas-de-dilatacion/juntas-de-dilatacion-paredes-fachadas-techos/#breadcrumb","itemListElement":[{"@type":"ListItem","position":1,"name":"Accueil","item":"https://vedafrance.com/es/"},{"@type":"ListItem","position":2,"name":"Juntas de dilatación","item":"https://vedafrance.com/es/juntas-de-dilatacion/"},{"@type":"ListItem","position":3,"name":"Juntas de dilatación para paredes, fachadas y techos"}]},{"@type":"WebSite","@id":"https://vedafrance.com/es/#website","url":"https://vedafrance.com/es/","name":"Veda France","description":"","publisher":{"@id":"https://vedafrance.com/es/#organization"},"potentialAction":[{"@type":"SearchAction","target":{"@type":"EntryPoint","urlTemplate":"https://vedafrance.com/es/?s={search_term_string}"},"query-input":{"@type":"PropertyValueSpecification","valueRequired":true,"valueName":"search_term_string"}}],"inLanguage":"es"},{"@type":"Organization","@id":"https://vedafrance.com/es/#organization","name":"Veda France","url":"https://vedafrance.com/es/","logo":{"@type":"ImageObject","inLanguage":"es","@id":"https://vedafrance.com/es/#/schema/logo/image/","url":"https://vedafrance.com/wp-content/uploads/2020/10/Veda-logo-280x88-1.png","contentUrl":"https://vedafrance.com/wp-content/uploads/2020/10/Veda-logo-280x88-1.png","width":200,"height":120,"caption":"Veda France"},"image":{"@id":"https://vedafrance.com/es/#/schema/logo/image/"},"sameAs":["https://www.facebook.com/pages/category/Industrial-Company/GV2-VEDA-France-1401384223425452/","https://x.com/gv2veda","https://www.instagram.com/veda_france/","https://fr.linkedin.com/company/gv2-veda-france"]}]}</script>
<!-- / Yoast SEO plugin. -->

Juntas verticales de paredes, fachadas y techos. Junta de expansión sísmica o no de aluminio y/o inserto. Para todo tipo de edificios.

Juntas de dilatación
